
30775
In base 15, what is 16590 - -1dac?
1844c
In base 13, what is 8 - 6cbbb84?
-6cbbb79
In base 3, what is 21022 - -101100000100?
101100021122
In base 3, what is -212102122 + -22202?
-212202101
In base 15, what is -1772 - e0e?
-2681
In base 9, what is -12843174 + 4?
-12843170
In base 4, what is 112332003231 + -11?
112332003220
In base 8, what is 6077 - 665?
5212
In base 12, what is -5 - a65b7?
-a6600
In base 14, what is bc2 - -1929?
270b
In base 14, what is -2 + 4075058?
4075056
In base 5, what is 433224402 - 20?
433224332
In base 3, what is -21000010 + -2000102?
-100000112
In base 2, what is -10101111101110101 - 100100000000?
-10110100001110101
In base 2, what is 1000111 - 111001001111?
-111000001000
In base 14, what is -5 - 2d6107?
-2d610c
In base 15, what is -2ac - -5706?
5449
In base 4, what is -223 - -1200232333213?
1200232332330
In base 7, what is 15451651 - -523?
15452504
In base 8, what is -17066 - -1754?
-15112
In base 14, what is -3 - -61567a?
615677
In base 10, what is -2 - -57913188?
57913186
In base 16, what is -15 - -1c2a2d?
1c2a18
In base 8, what is 3607 + 40226?
44035
In base 13, what is 1042 - -11c?
1161
In base 7, what is 256040 + 432?
256502
In base 4, what is -10 - 102023203?
-102023213
In base 16, what is ee41b0 - 5?
ee41ab
In base 10, what is 2 + 19205626?
19205628
In base 2, what is -11100111 + 111010110?
11101111
In base 12, what is 158a + -5271?
-38a3
In base 5, what is 23310432 - -121341?
23432323
In base 12, what is 2122 - -293?
23b5
In base 15, what is 4 - -57508?
5750c
In base 10, what is -4 + 123338?
123334
In base 15, what is -2 - 426c045?
-426c047
In base 16, what is 1d1222 + -62?
1d11c0
In base 5, what is -4404 + -40331102?
-40341011
In base 12, what is 312a - -52b?
3659
In base 4, what is 2 + 203103323233?
203103323301
In base 7, what is -5136202 + 35?
-5136134
In base 14, what is 2 - 69377b8?
-69377b6
In base 5, what is -14 - 412130443?
-412131012
In base 15, what is 4 + -9ecb20?
-9ecb1b
In base 16, what is -29 + f7b291?
f7b268
In base 6, what is -314222141122 + 4?
-314222141114
In base 5, what is 0 - 2324402424?
-2324402424
In base 13, what is -39146 + -27?
-39170
In base 2, what is -1 - 11010011101101000010000101?
-11010011101101000010000110
In base 6, what is 112002 - -11132?
123134
In base 14, what is 143 + 2728?
286b
In base 5, what is -10442311002 - -34?
-10442310413
In base 3, what is -1010020001101110 + -102?
-1010020001101212
In base 6, what is 23 - 4242432?
-4242405
In base 10, what is 4 - 5343864?
-5343860
In base 4, what is -1101122030120 - -1?
-1101122030113
In base 13, what is b03125 + -2?
b03123
In base 14, what is -c6 - -a427?
a341
In base 11, what is 24 - 66955?
-66931
In base 7, what is 5 - -215612121?
215612126
In base 12, what is -16b26 + -764?
-1768a
In base 10, what is -25 - -3889?
3864
In base 8, what is 22026053 - 1?
22026052
In base 8, what is 126 + 12136?
12264
In base 2, what is -100100010110010000100111 + 1?
-100100010110010000100110
In base 10, what is -11818014 - -4?
-11818010
In base 16, what is -4 - -921ee2?
921ede
In base 6, what is -253213323 - 0?
-253213323
In base 13, what is -110013 + -22?
-110035
In base 12, what is 3 + 274b48a7?
274b48aa
In base 13, what is 741 - 20156?
-1c715
In base 9, what is -112255 - 5?
-112261
In base 8, what is 3 - -51464435?
51464440
In base 14, what is -1c4c4b1 - -1?
-1c4c4b0
In base 15, what is -54a - -21d1?
1b86
In base 5, what is 113 - -30132341243?
30132341411
In base 8, what is -17773477 - 12?
-17773511
In base 8, what is 5632 + -4401?
1231
In base 2, what is 1101 + -110111000110001100001010?
-110111000110001011111101
In base 14, what is a255c + 10?
a256c
In base 13, what is bb8a + -525c?
692b
In base 6, what is 2043350 + -2540?
2040410
In base 8, what is -225 - -567505?
567260
In base 2, what is 111011100111010 + -10101111011?
111000110111111
In base 7, what is -116406 + -2266?
-122005
In base 12, what is -10b - 3929b?
-393aa
In base 11, what is -35 - -418a10?
418986
In base 7, what is 153 - -2221416?
2221602
In base 10, what is -71854 - 60?
-71914
In base 8, what is 2 + 1022301555?
1022301557
In base 5, what is 101230131 + -3?
101230123
In base 8, what is -1440523101 + -3?
-1440523104
In base 10, what is 164 - 557443?
-557279
In base 5, what is 1401114100 + 300?
1401114400
In base 10, what is 31716608 + -1?
31716607
In base 5, what is -2223424333 + -4?
-2223424342
In base 5, what is -40130030 - -141?
-40124334
In base 9, what is 135 + -5157116?
-5156871
In base 16, what is 7 - b1d0e3?
-b1d0dc
In base 5, what is -1121443 + -21?
-1122014
In base 13, what is 40 - -3445?
3485
In base 5, what is 2100231 + 203?
2100434
In base 8, what is -41 + 42375?
42334
In base 8, what is -6515115 + -57?
-6515174
In base 7, what is -1316136432 + -1?
-1316136433
In base 8, what is -4 + -5762426?
-5762432
In base 15, what is -165d - -7bb7?
6559
In base 10, what is 3748490 + 1?
3748491
In base 9, what is -7472330 - 4?
-7472334
In base 4, what is 12103313 + -10213131?
1230122
In base 15, what is -2241d24 - -3?
-2241d21
In base 7, what is 0 + -620403110?
-620403110
In base 5, what is 323 + -123314341?
-123314013
In base 5, what is 30133044 - 2211?
30130333
In base 15, what is -4b + 441e5?
44199
In base 10, what is 224186 - 63?
224123
In base 2, what is -10 - -1010100111001011001110101?
1010100111001011001110011
In base 16, what is -5 + -1621e2?
-1621e7
In base 3, what is -1200202201 + 1202120222?
1211021
In base 9, what is -106 - -4056316?
4056210
In base 2, what is -11110111100011100011 - 10101?
-11110111100011111000
In base 15, what is -9d - 4ca0a?
-4caa8
In base 12, what is 3 - -2201694?
2201697
In base 7, what is -32 + 3004402?
3004340
In base 15, what is 19dbb4 + -100?
19dab4
In base 15, what is 106765 - -64?
1067c9
In base 6, what is -44 + -101434312?
-101434400
In base 5, what is -43143213230 + -10?
-43143213240
In base 8, what is -275422367 - -7?
-275422360
In base 10, what is -27355 + -675?
-28030
In base 7, what is 44012065 - 4?
44012061
In base 11, what is 479 - 2374?
-19a6
In base 7, what is -33424310650 + 0?
-33424310650
In base 10, what is 4104 - -660?
4764
In base 6, what is -33532455 - 0?
-33532455
In base 6, what is 2 + -23423442?
-23423440
In base 7, what is -21 + -141440331?
-141440352
In base 10, what is -525765 - 49?
-525814
In base 2, what is -10011111000010000001100 + 100011?
-10011111000001111101001
In base 5, what is 1034240 - -12314?
1102104
In base 4, what is -12301231313 + -10?
-12301231323
In base 16, what is df8 - 11f92?
-1119a
In base 13, what is -2 + -c57847?
-c57849
In base 2, what is -1001110001100010000000 - -1111100?
-1001110001100000000100
In base 14, what is 21d - -5da9?
61c8
In base 14, what is 15 + 327b87?
327b9c
In base 10, what is 1 - -2580752?
2580753
In base 11, what is -2235 + 269?
-1a77
In base 15, what is 1c3 - 65528?
-65355
In base 8, what is 2466755 + 2?
2466757
In base 14, what is b1c245c8 - 1?
b1c245c7
In base 11, what is 977a06 - 23?
977993
In base 10, what is -515271453 + 3?
-515271450
In base 5, what is 4222233031 - -20?
4222233101
In base 13, what is 5 + 364252?
364257
In base 3, what is -1 - 2100211020020122?
-2100211020020200
In base 8, what is 11 - 16010606?
-16010575
In base 5, what is -103 + 2244022?
2243414
In base 3, what is -212210001200 + -1110010?
-212211111210
In base 9, what is -583877 + 51?
-583826
In base 14, what is -24cd67 + -10?
-24cd77
In base 12, what is -1141832 - 2?
-1141834
In base 8, what is -152713464 + 0?
-152713464
In base 14, what is 3737b35 + -5?
3737b30
In base 11, what is -2315333 + 5?
-2315329
In base 8, what is -1025774 - 217?
-1026213
In base 13, what is 3 - -6160b58?
6160b5b
In base 15, what is 0 - -79d644?
79d644
In base 11, what is -9 + -1090522?
-1090530
In base 8, what is 3 + -462607332?
-462607327
In base 13, what is -2c57557 + 5?
-2c57552
In base 4, what is -32 - 101210233122?
-101210233220
In base 12, what is 8 + -37a9854?
-37a9848
In base 16, what is -4c - -d4396?
d434a
In base 6, what is -10 + -105203224?
-105203234
In base 7, what is -42211 - 123504?
-166015
In base 14, what is -173 - -24b6?
2343
In base 10, what is 1954 - -33325?
35279
In base 8, what is -1141562715 - -4?
-1141562711
In base 2, what is -1000011000111110001111110 - 10?
-1000011000111110010000